ime factors of 740?
2, 5, 37
What are the prime factors of 1497?
3, 499
List the prime factors of 1777.
1777
What are the prime factors of 1742?
2, 13, 67
List the prime factors of 2039.
2039
List the prime factors of 12175.
5, 487
What are the prime factors of 3183?
3, 1061
List the prime factors of 3270.
2, 3, 5, 109
List the prime factors of 3219.
3, 29, 37
List the prime factors of 1416.
2, 3, 59
What are the prime factors of 1556?
2, 389
List the prime factors of 4749.
3, 1583
List the prime factors of 116932.
2, 23, 31, 41
List the prime factors of 25392.
2, 3, 23
List the prime factors of 429.
3, 11, 13
List the prime factors of 389.
389
List the prime factors of 18072.
2, 3, 251
What are the prime factors of 2159?
17, 127
List the prime factors of 68.
2, 17
List the prime factors of 95615.
5, 13, 1471
List the prime factors of 61445.
5, 12289
What are the prime factors of 631?
631
What are the prime factors of 1172?
2, 293
What are the prime factors of 136?
2, 17
List the prime factors of 1648.
2, 103
List the prime factors of 9179.
67, 137
List the prime factors of 13953.
3, 4651
List the prime factors of 12136.
2, 37, 41
What are the prime factors of 39632?
2, 2477
What are the prime factors of 40936?
2, 7, 17, 43
List the prime factors of 346.
2, 173
List the prime factors of 31217.
19, 31, 53
What are the prime factors of 711?
3, 79
List the prime factors of 7629.
3, 2543
List the prime factors of 13079.
11, 29, 41
List the prime factors of 6431.
59, 109
What are the prime factors of 433?
433
List the prime factors of 1697.
1697
What are the prime factors of 16575?
3, 5, 13, 17
List the prime factors of 2571.
3, 857
What are the prime factors of 47582?
2, 37, 643
List the prime factors of 140.
2, 5, 7
List the prime factors of 9826.
2, 17
List the prime factors of 41854.
2, 17, 1231
List the prime factors of 144194.
2, 17, 4241
What are the prime factors of 7280?
2, 5, 7, 13
What are the prime factors of 23201?
23201
List the prime factors of 37344.
2, 3, 389
What are the prime factors of 4214?
2, 7, 43
What are the prime factors of 840?
2, 3, 5, 7
What are the prime factors of 6518?
2, 3259
List the prime factors of 9825.
3, 5, 131
List the prime factors of 1644.
2, 3, 137
What are the prime factors of 1598?
2, 17, 47
List the prime factors of 107.
107
List the prime factors of 27580.
2, 5, 7, 197
What are the prime factors of 186?
2, 3, 31
List the prime factors of 4462.
2, 23, 97
What are the prime factors of 5805?
3, 5, 43
What are the prime factors of 20134?
2, 10067
List the prime factors of 3072.
2, 3
What are the prime factors of 507?
3, 13
List the prime factors of 16637.
127, 131
List the prime factors of 769.
769
List the prime factors of 295.
5, 59
List the prime factors of 1564.
2, 17, 23
List the prime factors of 299.
13, 23
What are the prime factors of 57200?
2, 5, 11, 13
What are the prime factors of 10974?
2, 3, 31, 59
What are the prime factors of 62477?
62477
List the prime factors of 3484.
2, 13, 67
What are the prime factors of 3146?
2, 11, 13
List the prime factors of 21881.
21881
What are the prime factors of 3404?
2, 23, 37
What are the prime factors of 11499?
3, 3833
What are the prime factors of 432?
2, 3
What are the prime factors of 3190?
2, 5, 11, 29
List the prime factors of 10015.
5, 2003
List the prime factors of 2453.
11, 223
What are the prime factors of 20736?
2, 3
What are the prime factors of 452?
2, 113
List the prime factors of 4339.
4339
List the prime factors of 23746.
2, 31, 383
List the prime factors of 275.
5, 11
List the prime factors of 18801.
3, 2089
What are the prime factors of 1853?
17, 109
List the prime factors of 11798.
2, 17, 347
What are the prime factors of 1355?
5, 271
List the prime factors of 3405.
3, 5, 227
List the prime factors of 116965.
5, 149, 157
What are the prime factors of 33927?
3, 43, 263
What are the prime factors of 4959?
3, 19, 29
List the prime factors of 1883.
7, 269
What are the prime factors of 2741?
2741
List the prime factors of 69845.
5, 61, 229
List the prime factors of 8171.
8171
What are the prime factors of 940?
2, 5, 47
What are the prime factors of 13136?
2, 821
What are the prime factors of 32499?
3, 23, 157
List the prime factors of 3257.
3257
What are the prime factors of 989?
23, 43
What are the prime factors of 8990?
2, 5, 29, 31
What are the prime factors of 37590?
2, 3, 5, 7, 179
What are the prime factors of 13295?
5, 2659
List the prime factors of 53593.
53593
What are the prime factors of 108257?
29, 3733
List the prime factors of 1352.
2, 13
What are the prime factors of 1530?
2, 3, 5, 17
What are the prime factors of 15629?
15629
List the prime factors of 1004.
2, 251
What are the prime factors of 38308?
2, 61, 157
What are the prime factors of 105554?
2, 89, 593
List the prime factors of 4073.
4073
List the prime factors of 884.
2, 13, 17
What are the prime factors of 37905?
3, 5, 7, 19
List the prime factors of 678.
2, 3, 113
List the prime factors of 683.
683
List the prime factors of 1958.
2, 11, 89
List the prime factors of 69.
3, 23
List the prime factors of 53730.
2, 3, 5, 199
List the prime factors of 2897.
2897
What are the prime factors of 565?
5, 113
What are the prime factors of 4720?
2, 5, 59
What are the prime factors of 2564?
2, 641
List the prime factors of 1931.
1931
List the prime factors of 35482.
2, 113, 157
List the prime factors of 3611.
23, 157
List the prime factors of 28429.
28429
List the prime factors of 31073.
7, 23, 193
What are the prime factors of 118?
2, 59
What are the prime factors of 25032?
2, 3, 7, 149
List the prime factors of 9062.
2, 23, 197
List the prime factors of 10064.
2, 17, 37
What are the prime factors of 147?
3, 7
What are the prime factors of 116079?
3, 38693
What are the prime factors of 118299?
3, 47, 839
List the prime factors of 6986.
2, 7, 499
List the prime factors of 7996.
2, 1999
What are the prime factors of 1540?
2, 5, 7, 11
What are the prime factors of 558?
2, 3, 31
What are the prime factors of 266?
2, 7, 19
What are the prime factors of 15782?
2, 13, 607
List the prime factors of 588.
2, 3, 7
What are the prime factors of 7083?
3, 787
What are the prime factors of 951?
3, 317
What are the prime factors of 1810?
2, 5, 181
List the prime factors of 961.
31
What are the prime factors of 94993?
94993
What are the prime factors of 9968?
2, 7, 89
What are the prime factors of 133328?
2, 13, 641
What are the prime factors of 1858?
2, 929
List the prime factors of 40575.
3, 5, 541
What are the prime factors of 42?
2, 3, 7
What are the prime factors of 762?
2, 3, 127
What are the prime factors of 4005?
3, 5, 89
What are the prime factors of 1291?
1291
What are the prime factors of 3946?
2, 1973
List the prime factors of 8232.
2, 3, 7
What are the prime factors of 186?
2, 3, 31
What are the prime factors of 7983?
3, 887
What are the prime factors of 90916?
2, 7, 17, 191
List the prime factors of 3670.
2, 5, 367
What are the prime factors of 1544?
2, 193
What are the prime factors of 74501?
7, 29, 367
What are the prime factors of 325?
5, 13
List the prime factors of 1198.
2, 599
What are the prime factors of 206?
2, 103
What are the prime factors of 8279?
17, 487
List the prime factors of 15028.
2, 13, 17
List the prime factors of 4589.
13, 353
What are the prime factors of 981?
3, 109
List the prime factors of 12311.
13, 947
What are the prime factors of 54168?
2, 3, 37, 61
What are the prime factors of 13772?
2, 11, 313
What are the prime factors of 26387?
26387
What are the prime factors of 50157?
3, 5573
What are the prime factors of 19870?
2, 5, 1987
List the prime factors of 10731.
3, 7, 73
List the prime factors of 19787.
47, 421
List the prime factors of 2026.
2, 1013
List the prime factors of 8548.
2, 2137
What are the prime factors of 519?
3, 173
What are the prime factors of 172446?
2, 3, 41, 701
List the prime factors of 463.
463
What are the prime factors of 81632?
2, 2551
What are the prime factors of 55283?
59, 937
What are the prime factors of 119?
7, 17
What are the prime factors of 129784?
2, 16223
List the prime factors of 516.
2, 3, 43
What are the prime factors of 34976?
2, 1093
What are the prime factors of 2217?
3, 739
List the prime factors of 55568.
2,